{"version":"1.0","provider_name":"Arbeid og inkludering","provider_url":"https:\/\/blaakors.no\/arbeid-og-inkludering","author_name":"digital@thepitch.no","author_url":"https:\/\/blaakors.no\/arbeid-og-inkludering\/author\/digitalthepitch-no\/","title":"Arbeid og inkludering - I sentrum st\u00e5r et menneske","type":"rich","width":600,"height":338,"html":"<blockquote class=\"wp-embedded-content\" data-secret=\"1kEcM3fq8D\"><a href=\"https:\/\/blaakors.no\/arbeid-og-inkludering\/\">Forside<\/a><\/blockquote><iframe sandbox=\"allow-scripts\" security=\"restricted\" src=\"https:\/\/blaakors.no\/arbeid-og-inkludering\/embed\/#?secret=1kEcM3fq8D\" width=\"600\" height=\"338\" title=\"&laquo;Forside&raquo; &#8212; Arbeid og inkludering\" data-secret=\"1kEcM3fq8D\" frameborder=\"0\" marginwidth=\"0\" marginheight=\"0\" scrolling=\"no\" class=\"wp-embedded-content\"><\/iframe><script>\n\/*! This file is auto-generated *\/\n!function(d,l){\"use strict\";l.querySelector&&d.addEventListener&&\"undefined\"!=typeof URL&&(d.wp=d.wp||{},d.wp.receiveEmbedMessage||(d.wp.receiveEmbedMessage=function(e){var t=e.data;if((t||t.secret||t.message||t.value)&&!\/[^a-zA-Z0-9]\/.test(t.secret)){for(var s,r,n,a=l.querySelectorAll('iframe[data-secret=\"'+t.secret+'\"]'),o=l.querySelectorAll('blockquote[data-secret=\"'+t.secret+'\"]'),c=new RegExp(\"^https?:$\",\"i\"),i=0;i<o.length;i++)o[i].style.display=\"none\";for(i=0;i<a.length;i++)s=a[i],e.source===s.contentWindow&&(s.removeAttribute(\"style\"),\"height\"===t.message?(1e3<(r=parseInt(t.value,10))?r=1e3:~~r<200&&(r=200),s.height=r):\"link\"===t.message&&(r=new URL(s.getAttribute(\"src\")),n=new URL(t.value),c.test(n.protocol))&&n.host===r.host&&l.activeElement===s&&(d.top.location.href=t.value))}},d.addEventListener(\"message\",d.wp.receiveEmbedMessage,!1),l.addEventListener(\"DOMContentLoaded\",function(){for(var e,t,s=l.querySelectorAll(\"iframe.wp-embedded-content\"),r=0;r<s.length;r++)(t=(e=s[r]).getAttribute(\"data-secret\"))||(t=Math.random().toString(36).substring(2,12),e.src+=\"#?secret=\"+t,e.setAttribute(\"data-secret\",t)),e.contentWindow.postMessage({message:\"ready\",secret:t},\"*\")},!1)))}(window,document);\n<\/script>\n","thumbnail_url":"https:\/\/blaakors.no\/arbeid-og-inkludering\/wp-content\/uploads\/sites\/2\/2024\/08\/startup-g430e6f95b_1920.jpg","thumbnail_width":1920,"thumbnail_height":1280,"description":"Arbeid og inkludering, Fredrikstad og Sarpsborg Med kunnskap, hjerte og kraft skaper Bl\u00e5 Kors muligheter for mestring og mening Siste nytt For veis\u00f8kere Ressursbedrift Hvem er vi Jeg f\u00f8ler meg sett og godt ivaretatt gjennom hele prosessen, b\u00e5de fra jobbkonsulent og nav. Kristian, ansatt hos Bedriftsidretten Det er s\u00e5 mye ressurser der ute. Alle fortjener [&hellip;]"}

Arbeid og inkludering - I sentrum står et menneske

Arbeid og inkludering, Fredrikstad og Sarpsborg Med kunnskap, hjerte og kraft skaper Blå Kors muligheter for mestring og mening Siste nytt For veisøkere Ressursbedrift Hvem er vi Jeg føler meg sett og godt ivaretatt gjennom hele prosessen, både fra jobbkonsulent og nav. Kristian, ansatt hos Bedriftsidretten Det er så mye ressurser der ute. Alle fortjener [&hellip;]
