{"id":137,"date":"2025-03-03T14:36:37","date_gmt":"2025-03-03T13:36:37","guid":{"rendered":"https:\/\/blaakors.no\/barnas-stasjon\/?page_id=137"},"modified":"2026-02-03T10:25:46","modified_gmt":"2026-02-03T09:25:46","slug":"familiesenter-fredrikstad","status":"publish","type":"page","link":"https:\/\/blaakors.no\/barnas-stasjon\/familiesenter-fredrikstad\/","title":{"rendered":"Bl\u00e5 Kors familiesenter Fredrikstad"},"content":{"rendered":"\n<div class=\"wp-block-group alignfull has-light-beige-background-color has-background has-global-padding is-layout-constrained wp-block-group-is-layout-constrained\">\n<div style=\"height:110px\" aria-hidden=\"true\" class=\"wp-block-spacer\"><\/div>\n\n\n\n<div style=\"height:143px\" aria-hidden=\"true\" class=\"wp-block-spacer hide-mobile\"><\/div>\n\n\n\n<div class=\"wp-block-columns is-layout-flex wp-container-core-columns-is-layout-1 wp-block-columns-is-layout-flex\">\n<div class=\"wp-block-column is-layout-flow wp-block-column-is-layout-flow\">\n<div style=\"height:113px\" aria-hidden=\"true\" class=\"wp-block-spacer\"><\/div>\n\n\n\n<h2 class=\"wp-block-heading\">Bl\u00e5 Kors familiesenter<\/h2>\n\n\n\n<p class=\"has-large-font-size\">Fredrikstad<\/p>\n\n\n\n<p class=\"has-medium-font-size\">Jobber du i barnevernstjenesten og er p\u00e5 utkikk etter faglig sterke tilsynsf\u00f8rere under samv\u00e6r i et hjemmekoselig milj\u00f8? \u00d8nsker du selv f\u00f8re tilsyn eller ha samtaler p\u00e5 et n\u00f8ytralt sted men er i behov av egnet lokale? Trenger du tilsynsf\u00f8rere til samv\u00e6r i private hjem?<\/p>\n<\/div>\n\n\n\n<div class=\"wp-block-column is-vertically-aligned-bottom is-layout-flow wp-block-column-is-layout-flow\">\n<figure class=\"wp-block-image size-large\"><img loading=\"lazy\" decoding=\"async\" width=\"1024\" height=\"683\" src=\"https:\/\/blaakors.no\/barnas-stasjon\/wp-content\/uploads\/sites\/8\/2025\/03\/Familiesenter_web-2-1024x683.jpg\" alt=\"\" class=\"wp-image-139\" srcset=\"https:\/\/blaakors.no\/barnas-stasjon\/wp-content\/uploads\/sites\/8\/2025\/03\/Familiesenter_web-2-1024x683.jpg 1024w, https:\/\/blaakors.no\/barnas-stasjon\/wp-content\/uploads\/sites\/8\/2025\/03\/Familiesenter_web-2-300x200.jpg 300w, https:\/\/blaakors.no\/barnas-stasjon\/wp-content\/uploads\/sites\/8\/2025\/03\/Familiesenter_web-2-768x512.jpg 768w, https:\/\/blaakors.no\/barnas-stasjon\/wp-content\/uploads\/sites\/8\/2025\/03\/Familiesenter_web-2-1536x1024.jpg 1536w, https:\/\/blaakors.no\/barnas-stasjon\/wp-content\/uploads\/sites\/8\/2025\/03\/Familiesenter_web-2.jpg 1600w\" sizes=\"auto, (max-width: 1024px) 100vw, 1024px\" \/><\/figure>\n<\/div>\n<\/div>\n\n\n\n<div style=\"height:113px\" aria-hidden=\"true\" class=\"wp-block-spacer\"><\/div>\n<\/div>\n\n\n\n<div class=\"wp-block-group has-global-padding is-layout-constrained wp-block-group-is-layout-constrained\">\n<div style=\"height:42px\" aria-hidden=\"true\" class=\"wp-block-spacer\"><\/div>\n<\/div>\n\n\n\n<div class=\"wp-block-columns is-layout-flex wp-container-core-columns-is-layout-2 wp-block-columns-is-layout-flex\">\n<div class=\"wp-block-column is-layout-flow wp-block-column-is-layout-flow\" style=\"flex-basis:49%\">\n<div style=\"height:51px\" aria-hidden=\"true\" class=\"wp-block-spacer\"><\/div>\n\n\n\n<p>Bl\u00e5 Kors familiesenteret i Fredrikstad har lang og bred erfaring i oppdrag rundt samv\u00e6r ved omsorgsovertakelse, akuttplasseringer, varige plasseringer, samv\u00e6r som hjelpetiltak, foreldrekurs, veiledning, st\u00f8ttesamtaler, andre hjelpetiltak eller lokalleie.<\/p>\n\n\n\n<p>Vi bist\u00e5r barnevernstjenester og Bufetat inn i arbeidet med utsatte barn og deres familier ut fra de rammer oppdragsgiveren \u00f8nsker og med tilh\u00f8rende rapporter i tr\u00e5d med form\u00e5l og avtale.<\/p>\n\n\n\n<p>Ved Bl\u00e5 Kors familiesenter m\u00f8ter du en tverrfaglig ansattgruppe med barnevernspedagoger, familieterapeut, f\u00f8rskolel\u00e6rere og milj\u00f8arbeidere. Alle ansatte er COS-P sertifisert og ellers andre ulike sertifiseringer som ICDP med flerkulturell modul, TINT, TIK og TOTS. V\u00e5re milj\u00f8terapeuter har lang erfaring med klinisk vurdering, veiledning og tilsyn &#8211; b\u00e5de st\u00f8ttet og beskyttet tilsyn. Vi har ogs\u00e5 erfaring fra \u00e5 gjennomf\u00f8re ulike hjelpetiltak, med tilh\u00f8rende dokumentasjon.<\/p>\n\n\n\n<div style=\"height:18px\" aria-hidden=\"true\" class=\"wp-block-spacer\"><\/div>\n\n\n\n<p>V\u00e5re lokaler har stue, TV, fullt utstyrt kj\u00f8kken og bad som er godt egnet for samv\u00e6r. Lokalene v\u00e5re har et bredt utvalg av leker og aktiviteter.\u00a0<\/p>\n\n\n\n<div style=\"height:18px\" aria-hidden=\"true\" class=\"wp-block-spacer\"><\/div>\n\n\n\n<p>Som ideell og privat akt\u00f8r har vi en moderat prissetting av v\u00e5re tjenester med 48 timers avbestillingsfrist. For mer informasjon og priser ta kontakt p\u00e5 telefon eller mail.<\/p>\n\n\n\n<div style=\"height:18px\" aria-hidden=\"true\" class=\"wp-block-spacer\"><\/div>\n\n\n\n<p>Bl\u00e5 kors familiesenter tilbyr ulik oppf\u00f8lging og under kan dere lese mer om de ulike tilbudene.&nbsp;<\/p>\n\n\n\n<div style=\"height:36px\" aria-hidden=\"true\" class=\"wp-block-spacer\"><\/div>\n<\/div>\n\n\n\n<div class=\"wp-block-column is-layout-flow wp-block-column-is-layout-flow\" style=\"flex-basis:2%\"><\/div>\n\n\n\n<div class=\"wp-block-column is-layout-flow wp-block-column-is-layout-flow\" style=\"flex-basis:49%\">\n<div class=\"wp-block-group has-global-padding is-layout-constrained wp-block-group-is-layout-constrained\">\n<div class=\"wp-block-group has-global-padding is-layout-constrained wp-block-group-is-layout-constrained\"><\/div>\n<\/div>\n\n\n\n<div style=\"height:36px\" aria-hidden=\"true\" class=\"wp-block-spacer\"><\/div>\n\n\n\n<h3 class=\"wp-block-heading has-blue-color has-text-color has-link-color wp-elements-f9ba22fc097288ba3c36428916b3e041\">Kontakt oss:<\/h3>\n\n\n\n<div style=\"height:29px\" aria-hidden=\"true\" class=\"wp-block-spacer\"><\/div>\n\n\n\n<div class=\"wp-block-group has-global-padding is-layout-constrained wp-block-group-is-layout-constrained\">\n<div class=\"wp-block-buttons is-layout-flex wp-block-buttons-is-layout-flex\">\n<div class=\"wp-block-button has-custom-font-size has-medium-font-size\"><a class=\"wp-block-button__link has-blue-color has-light-pink-background-color has-text-color has-background has-link-color wp-element-button\" href=\"tel:+4769314866\"><strong>Telefon 69 31 48 66<\/strong><\/a><\/div>\n<\/div>\n\n\n\n<div style=\"height:25px\" aria-hidden=\"true\" class=\"wp-block-spacer\"><\/div>\n\n\n\n<div class=\"wp-block-buttons is-layout-flex wp-block-buttons-is-layout-flex\">\n<div class=\"wp-block-button has-custom-font-size has-medium-font-size\"><a class=\"wp-block-button__link has-blue-color has-medium-pink-background-color has-text-color has-background has-link-color wp-element-button\" href=\"mailto:bs.fredrikstad@blaakors.no\"><strong>Mail bs.fredrikstad@blaakors.no<\/strong><\/a><\/div>\n<\/div>\n\n\n\n<div style=\"height:24px\" aria-hidden=\"true\" class=\"wp-block-spacer\"><\/div>\n\n\n\n<figure class=\"wp-block-image size-full is-resized\"><img loading=\"lazy\" decoding=\"async\" width=\"900\" height=\"900\" src=\"https:\/\/blaakors.no\/barnas-stasjon\/wp-content\/uploads\/sites\/8\/2024\/10\/blomst.png\" alt=\"\" class=\"wp-image-85\" style=\"width:149px;height:auto\" srcset=\"https:\/\/blaakors.no\/barnas-stasjon\/wp-content\/uploads\/sites\/8\/2024\/10\/blomst.png 900w, https:\/\/blaakors.no\/barnas-stasjon\/wp-content\/uploads\/sites\/8\/2024\/10\/blomst-300x300.png 300w, https:\/\/blaakors.no\/barnas-stasjon\/wp-content\/uploads\/sites\/8\/2024\/10\/blomst-150x150.png 150w, https:\/\/blaakors.no\/barnas-stasjon\/wp-content\/uploads\/sites\/8\/2024\/10\/blomst-768x768.png 768w\" sizes=\"auto, (max-width: 900px) 100vw, 900px\" \/><\/figure>\n\n\n\n<div style=\"height:24px\" aria-hidden=\"true\" class=\"wp-block-spacer\"><\/div>\n\n\n\n<p class=\"has-blue-color has-text-color has-link-color wp-elements-9af86bc1f8220442f15bd248911f43fc\" style=\"font-size:clamp(0.984rem, 0.984rem + ((1vw - 0.2rem) * 0.497), 1.5rem);\"><strong>Du finner oss: <\/strong><\/p>\n\n\n\n<p class=\"has-blue-color has-text-color has-link-color wp-elements-0bac697a482322de8c159b990f08329f\" style=\"font-size:clamp(0.875rem, 0.875rem + ((1vw - 0.2rem) * 0.313), 1.2rem);\">Freskoveien 1, 1605 Fredrikstad<\/p>\n\n\n\n<p class=\"has-blue-color has-text-color has-link-color wp-elements-532ecc3c082a7b8c5896d672a8fa8b3d\" style=\"font-size:clamp(0.984rem, 0.984rem + ((1vw - 0.2rem) * 0.497), 1.5rem);\"><strong>V\u00e5re \u00e5pningstider er fra <\/strong><\/p>\n\n\n\n<ul class=\"wp-block-list\">\n<li class=\"has-blue-color has-text-color has-link-color wp-elements-b417a519790b07848296fcfd255d5357\">08.00 &#8211; 20.00 p\u00e5 hverdager<\/li>\n\n\n\n<li class=\"has-blue-color has-text-color has-link-color wp-elements-e1c7e03cdde284fe8439c1c67ecb3cfa\">09.30 &#8211; 17.00 p\u00e5 l\u00f8rdager<\/li>\n<\/ul>\n<\/div>\n\n\n\n<div style=\"height:113px\" aria-hidden=\"true\" class=\"wp-block-spacer\"><\/div>\n<\/div>\n<\/div>\n\n\n\n<div class=\"wp-block-group has-global-padding is-layout-constrained wp-block-group-is-layout-constrained\">\n<div style=\"height:14px\" aria-hidden=\"true\" class=\"wp-block-spacer\"><\/div>\n\n\n\n<div class=\"wp-block-columns is-layout-flex wp-container-core-columns-is-layout-4 wp-block-columns-is-layout-flex\">\n<div class=\"wp-block-column is-layout-flow wp-block-column-is-layout-flow\">\n<div class=\"wp-block-columns is-layout-flex wp-container-core-columns-is-layout-3 wp-block-columns-is-layout-flex\">\n<div class=\"wp-block-column has-light-blue-background-color has-background is-layout-flow wp-block-column-is-layout-flow\" style=\"padding-top:var(--wp--preset--spacing--10);padding-bottom:var(--wp--preset--spacing--10);flex-basis:100%\">\n<h3 class=\"wp-block-heading has-text-align-center\">Timebaserte oppdrag<\/h3>\n\n\n\n<p class=\"has-text-align-center\">Familiesenteret kan i samarbeid med barnevernstjenesten skreddersy tiltak etter den enkelte families behov.<\/p>\n\n\n\n<div style=\"height:12px\" aria-hidden=\"true\" class=\"wp-block-spacer\"><\/div>\n\n\n\n<figure class=\"wp-block-image size-large\"><img loading=\"lazy\" decoding=\"async\" width=\"1024\" height=\"683\" src=\"https:\/\/blaakors.no\/barnas-stasjon\/wp-content\/uploads\/sites\/8\/2025\/04\/Familiesenter_web-26-1024x683.jpg\" alt=\"\" class=\"wp-image-177\" srcset=\"https:\/\/blaakors.no\/barnas-stasjon\/wp-content\/uploads\/sites\/8\/2025\/04\/Familiesenter_web-26-1024x683.jpg 1024w, https:\/\/blaakors.no\/barnas-stasjon\/wp-content\/uploads\/sites\/8\/2025\/04\/Familiesenter_web-26-300x200.jpg 300w, https:\/\/blaakors.no\/barnas-stasjon\/wp-content\/uploads\/sites\/8\/2025\/04\/Familiesenter_web-26-768x512.jpg 768w, https:\/\/blaakors.no\/barnas-stasjon\/wp-content\/uploads\/sites\/8\/2025\/04\/Familiesenter_web-26-1536x1024.jpg 1536w, https:\/\/blaakors.no\/barnas-stasjon\/wp-content\/uploads\/sites\/8\/2025\/04\/Familiesenter_web-26.jpg 1600w\" sizes=\"auto, (max-width: 1024px) 100vw, 1024px\" \/><\/figure>\n\n\n\n<div style=\"height:26px\" aria-hidden=\"true\" class=\"wp-block-spacer\"><\/div>\n\n\n\n<div class=\"wp-block-buttons is-content-justification-center is-layout-flex wp-container-core-buttons-is-layout-3 wp-block-buttons-is-layout-flex\" style=\"border-style:none;border-width:0px;padding-top:0;padding-bottom:0\">\n<div class=\"wp-block-button is-style-outline is-style-outline--1\"><a class=\"wp-block-button__link has-white-color has-blue-background-color has-text-color has-background has-link-color has-text-align-left wp-element-button\" href=\"https:\/\/blaakors.no\/barnas-stasjon\/familiesenter-oppdrag\/\" style=\"border-style:none;border-width:0px;border-radius:21px\">Les mer her<\/a><\/div>\n<\/div>\n<\/div>\n<\/div>\n<\/div>\n\n\n\n<div class=\"wp-block-column has-light-blue-background-color has-background is-layout-flow wp-block-column-is-layout-flow\" style=\"padding-top:var(--wp--preset--spacing--10);padding-bottom:var(--wp--preset--spacing--10)\">\n<h3 class=\"wp-block-heading has-text-align-center\">Samv\u00e6r<\/h3>\n\n\n\n<p class=\"has-text-align-center\">Vi har lokaler som er godt egnet til gjennomf\u00f8ring av samv\u00e6r. Samv\u00e6ret gjennomf\u00f8res med tilsyn, enten i v\u00e5re lokaler eller p\u00e5 \u00f8nsket sted.<\/p>\n\n\n\n<figure class=\"wp-block-image size-large\"><img loading=\"lazy\" decoding=\"async\" width=\"1024\" height=\"683\" src=\"https:\/\/blaakors.no\/barnas-stasjon\/wp-content\/uploads\/sites\/8\/2025\/03\/Familiesenter_web-9-1024x683.jpg\" alt=\"\" class=\"wp-image-155\" srcset=\"https:\/\/blaakors.no\/barnas-stasjon\/wp-content\/uploads\/sites\/8\/2025\/03\/Familiesenter_web-9-1024x683.jpg 1024w, https:\/\/blaakors.no\/barnas-stasjon\/wp-content\/uploads\/sites\/8\/2025\/03\/Familiesenter_web-9-300x200.jpg 300w, https:\/\/blaakors.no\/barnas-stasjon\/wp-content\/uploads\/sites\/8\/2025\/03\/Familiesenter_web-9-768x512.jpg 768w, https:\/\/blaakors.no\/barnas-stasjon\/wp-content\/uploads\/sites\/8\/2025\/03\/Familiesenter_web-9-1536x1024.jpg 1536w, https:\/\/blaakors.no\/barnas-stasjon\/wp-content\/uploads\/sites\/8\/2025\/03\/Familiesenter_web-9.jpg 1600w\" sizes=\"auto, (max-width: 1024px) 100vw, 1024px\" \/><\/figure>\n\n\n\n<div style=\"height:26px\" aria-hidden=\"true\" class=\"wp-block-spacer\"><\/div>\n\n\n\n<div class=\"wp-block-buttons is-content-justification-center is-layout-flex wp-container-core-buttons-is-layout-4 wp-block-buttons-is-layout-flex\" style=\"border-style:none;border-width:0px;padding-top:0;padding-bottom:0\">\n<div class=\"wp-block-button is-style-outline is-style-outline--2\"><a class=\"wp-block-button__link has-white-color has-blue-background-color has-text-color has-background has-link-color has-text-align-left wp-element-button\" href=\"https:\/\/blaakors.no\/barnas-stasjon\/familiesenter-samvaer\/\" style=\"border-style:none;border-width:0px;border-radius:21px\">Les mer her<\/a><\/div>\n<\/div>\n<\/div>\n\n\n\n<div class=\"wp-block-column has-light-blue-background-color has-background is-layout-flow wp-block-column-is-layout-flow\" style=\"padding-top:var(--wp--preset--spacing--10);padding-bottom:var(--wp--preset--spacing--10)\">\n<h3 class=\"wp-block-heading has-text-align-center\">Lokalleie<\/h3>\n\n\n\n<p class=\"has-text-align-center\">Samv\u00e6rslokalene kan ogs\u00e5 leies p\u00e5 timesbasis dersom barnevernstjenesten eller sakkyndige skal f\u00f8re tilsyn.<\/p>\n\n\n\n<div style=\"height:12px\" aria-hidden=\"true\" class=\"wp-block-spacer\"><\/div>\n\n\n\n<figure class=\"wp-block-image size-large\"><img loading=\"lazy\" decoding=\"async\" width=\"1024\" height=\"683\" src=\"https:\/\/blaakors.no\/barnas-stasjon\/wp-content\/uploads\/sites\/8\/2025\/04\/Familiesenter_web-19-1024x683.jpg\" alt=\"\" class=\"wp-image-178\" srcset=\"https:\/\/blaakors.no\/barnas-stasjon\/wp-content\/uploads\/sites\/8\/2025\/04\/Familiesenter_web-19-1024x683.jpg 1024w, https:\/\/blaakors.no\/barnas-stasjon\/wp-content\/uploads\/sites\/8\/2025\/04\/Familiesenter_web-19-300x200.jpg 300w, https:\/\/blaakors.no\/barnas-stasjon\/wp-content\/uploads\/sites\/8\/2025\/04\/Familiesenter_web-19-768x512.jpg 768w, https:\/\/blaakors.no\/barnas-stasjon\/wp-content\/uploads\/sites\/8\/2025\/04\/Familiesenter_web-19-1536x1024.jpg 1536w, https:\/\/blaakors.no\/barnas-stasjon\/wp-content\/uploads\/sites\/8\/2025\/04\/Familiesenter_web-19.jpg 1600w\" sizes=\"auto, (max-width: 1024px) 100vw, 1024px\" \/><\/figure>\n\n\n\n<div style=\"height:26px\" aria-hidden=\"true\" class=\"wp-block-spacer\"><\/div>\n\n\n\n<div class=\"wp-block-buttons is-content-justification-center is-layout-flex wp-container-core-buttons-is-layout-5 wp-block-buttons-is-layout-flex\" style=\"border-style:none;border-width:0px;padding-top:0;padding-bottom:0\">\n<div class=\"wp-block-button is-style-outline is-style-outline--3\"><a class=\"wp-block-button__link has-white-color has-blue-background-color has-text-color has-background has-link-color has-text-align-left wp-element-button\" href=\"https:\/\/blaakors.no\/barnas-stasjon\/lokalleie\/\" style=\"border-style:none;border-width:0px;border-radius:21px\">Les mer her<\/a><\/div>\n<\/div>\n<\/div>\n<\/div>\n<\/div>\n\n\n\n<div style=\"height:113px\" aria-hidden=\"true\" class=\"wp-block-spacer\"><\/div>\n\n\n\n<div class=\"wp-block-columns is-layout-flex wp-container-core-columns-is-layout-5 wp-block-columns-is-layout-flex\">\n<div class=\"wp-block-column is-layout-flow wp-block-column-is-layout-flow\"><\/div>\n<\/div>\n","protected":false},"excerpt":{"rendered":"<p>Bl\u00e5 Kors familiesenter Fredrikstad Jobber du i barnevernstjenesten og er p\u00e5 utkikk etter faglig sterke tilsynsf\u00f8rere under samv\u00e6r i et hjemmekoselig milj\u00f8? \u00d8nsker du selv f\u00f8re tilsyn eller ha samtaler p\u00e5 et n\u00f8ytralt sted men er i behov av egnet lokale? Trenger du tilsynsf\u00f8rere til samv\u00e6r i private hjem? Bl\u00e5 Kors familiesenteret i Fredrikstad har [&hellip;]<\/p>\n","protected":false},"author":2,"featured_media":0,"parent":0,"menu_order":0,"comment_status":"closed","ping_status":"closed","template":"","meta":{"inline_featured_image":false,"_exactmetrics_skip_tracking":false,"_exactmetrics_sitenote_active":false,"_exactmetrics_sitenote_note":"","_exactmetrics_sitenote_category":0,"footnotes":""},"class_list":["post-137","page","type-page","status-publish","hentry"],"yoast_head":"<!-- This site is optimized with the Yoast SEO plugin v26.6 - https:\/\/yoast.com\/wordpress\/plugins\/seo\/ -->\n<title>Bl\u00e5 Kors familiesenter Fredrikstad - Barnas stasjon<\/title>\n<meta name=\"description\" content=\"bist\u00e5r barnevernstjenester og Bufetat inn i arbeidet med utsatte barn og deres familier. Timebaserte oppdrag, samv\u00e6r og lokalleie.\" \/>\n<meta name=\"robots\" content=\"noindex, follow, max-snippet:-1, max-image-preview:large, max-video-preview:-1\" \/>\n<meta property=\"og:locale\" content=\"nb_NO\" \/>\n<meta property=\"og:type\" content=\"article\" \/>\n<meta property=\"og:title\" content=\"Bl\u00e5 Kors familiesenter Fredrikstad - Barnas stasjon\" \/>\n<meta property=\"og:description\" content=\"bist\u00e5r barnevernstjenester og Bufetat inn i arbeidet med utsatte barn og deres familier. Timebaserte oppdrag, samv\u00e6r og lokalleie.\" \/>\n<meta property=\"og:url\" content=\"https:\/\/blaakors.no\/barnas-stasjon\/familiesenter-fredrikstad\/\" \/>\n<meta property=\"og:site_name\" content=\"Barnas stasjon\" \/>\n<meta property=\"article:modified_time\" content=\"2026-02-03T09:25:46+00:00\" \/>\n<meta property=\"og:image\" content=\"https:\/\/blaakors.no\/barnas-stasjon\/wp-content\/uploads\/sites\/8\/2025\/03\/Familiesenter_web-2.jpg\" \/>\n\t<meta property=\"og:image:width\" content=\"1600\" \/>\n\t<meta property=\"og:image:height\" content=\"1067\" \/>\n\t<meta property=\"og:image:type\" content=\"image\/jpeg\" \/>\n<meta name=\"twitter:card\" content=\"summary_large_image\" \/>\n<meta name=\"twitter:label1\" content=\"Ansl. lesetid\" \/>\n\t<meta name=\"twitter:data1\" content=\"3 minutter\" \/>\n<script type=\"application\/ld+json\" class=\"yoast-schema-graph\">{\"@context\":\"https:\/\/schema.org\",\"@graph\":[{\"@type\":\"WebPage\",\"@id\":\"https:\/\/blaakors.no\/barnas-stasjon\/familiesenter-fredrikstad\/\",\"url\":\"https:\/\/blaakors.no\/barnas-stasjon\/familiesenter-fredrikstad\/\",\"name\":\"Bl\u00e5 Kors familiesenter Fredrikstad - Barnas stasjon\",\"isPartOf\":{\"@id\":\"https:\/\/blaakors.no\/barnas-stasjon\/#website\"},\"primaryImageOfPage\":{\"@id\":\"https:\/\/blaakors.no\/barnas-stasjon\/familiesenter-fredrikstad\/#primaryimage\"},\"image\":{\"@id\":\"https:\/\/blaakors.no\/barnas-stasjon\/familiesenter-fredrikstad\/#primaryimage\"},\"thumbnailUrl\":\"https:\/\/blaakors.no\/barnas-stasjon\/wp-content\/uploads\/sites\/8\/2025\/03\/Familiesenter_web-2-1024x683.jpg\",\"datePublished\":\"2025-03-03T13:36:37+00:00\",\"dateModified\":\"2026-02-03T09:25:46+00:00\",\"description\":\"bist\u00e5r barnevernstjenester og Bufetat inn i arbeidet med utsatte barn og deres familier. Timebaserte oppdrag, samv\u00e6r og lokalleie.\",\"breadcrumb\":{\"@id\":\"https:\/\/blaakors.no\/barnas-stasjon\/familiesenter-fredrikstad\/#breadcrumb\"},\"inLanguage\":\"nb-NO\",\"potentialAction\":[{\"@type\":\"ReadAction\",\"target\":[\"https:\/\/blaakors.no\/barnas-stasjon\/familiesenter-fredrikstad\/\"]}]},{\"@type\":\"ImageObject\",\"inLanguage\":\"nb-NO\",\"@id\":\"https:\/\/blaakors.no\/barnas-stasjon\/familiesenter-fredrikstad\/#primaryimage\",\"url\":\"https:\/\/blaakors.no\/barnas-stasjon\/wp-content\/uploads\/sites\/8\/2025\/03\/Familiesenter_web-2.jpg\",\"contentUrl\":\"https:\/\/blaakors.no\/barnas-stasjon\/wp-content\/uploads\/sites\/8\/2025\/03\/Familiesenter_web-2.jpg\",\"width\":1600,\"height\":1067},{\"@type\":\"BreadcrumbList\",\"@id\":\"https:\/\/blaakors.no\/barnas-stasjon\/familiesenter-fredrikstad\/#breadcrumb\",\"itemListElement\":[{\"@type\":\"ListItem\",\"position\":1,\"name\":\"Hjem\",\"item\":\"https:\/\/blaakors.no\/barnas-stasjon\/\"},{\"@type\":\"ListItem\",\"position\":2,\"name\":\"Bl\u00e5 Kors familiesenter Fredrikstad\"}]},{\"@type\":\"WebSite\",\"@id\":\"https:\/\/blaakors.no\/barnas-stasjon\/#website\",\"url\":\"https:\/\/blaakors.no\/barnas-stasjon\/\",\"name\":\"Barnas stasjon\",\"description\":\"I sentrum st\u00e5r et menneske\",\"publisher\":{\"@id\":\"https:\/\/blaakors.no\/barnas-stasjon\/#organization\"},\"potentialAction\":[{\"@type\":\"SearchAction\",\"target\":{\"@type\":\"EntryPoint\",\"urlTemplate\":\"https:\/\/blaakors.no\/barnas-stasjon\/?s={search_term_string}\"},\"query-input\":{\"@type\":\"PropertyValueSpecification\",\"valueRequired\":true,\"valueName\":\"search_term_string\"}}],\"inLanguage\":\"nb-NO\"},{\"@type\":\"Organization\",\"@id\":\"https:\/\/blaakors.no\/barnas-stasjon\/#organization\",\"name\":\"Barnas stasjon\",\"url\":\"https:\/\/blaakors.no\/barnas-stasjon\/\",\"logo\":{\"@type\":\"ImageObject\",\"inLanguage\":\"nb-NO\",\"@id\":\"https:\/\/blaakors.no\/barnas-stasjon\/#\/schema\/logo\/image\/\",\"url\":\"https:\/\/blaakors.no\/barnas-stasjon\/wp-content\/uploads\/sites\/8\/2024\/10\/Bla-kors-logo-fredrikstad.svg\",\"contentUrl\":\"https:\/\/blaakors.no\/barnas-stasjon\/wp-content\/uploads\/sites\/8\/2024\/10\/Bla-kors-logo-fredrikstad.svg\",\"caption\":\"Barnas stasjon\"},\"image\":{\"@id\":\"https:\/\/blaakors.no\/barnas-stasjon\/#\/schema\/logo\/image\/\"}}]}<\/script>\n<!-- \/ Yoast SEO plugin. -->","yoast_head_json":{"title":"Bl\u00e5 Kors familiesenter Fredrikstad - Barnas stasjon","description":"bist\u00e5r barnevernstjenester og Bufetat inn i arbeidet med utsatte barn og deres familier. Timebaserte oppdrag, samv\u00e6r og lokalleie.","robots":{"index":"noindex","follow":"follow","max-snippet":"max-snippet:-1","max-image-preview":"max-image-preview:large","max-video-preview":"max-video-preview:-1"},"og_locale":"nb_NO","og_type":"article","og_title":"Bl\u00e5 Kors familiesenter Fredrikstad - Barnas stasjon","og_description":"bist\u00e5r barnevernstjenester og Bufetat inn i arbeidet med utsatte barn og deres familier. Timebaserte oppdrag, samv\u00e6r og lokalleie.","og_url":"https:\/\/blaakors.no\/barnas-stasjon\/familiesenter-fredrikstad\/","og_site_name":"Barnas stasjon","article_modified_time":"2026-02-03T09:25:46+00:00","og_image":[{"width":1600,"height":1067,"url":"https:\/\/blaakors.no\/barnas-stasjon\/wp-content\/uploads\/sites\/8\/2025\/03\/Familiesenter_web-2.jpg","type":"image\/jpeg"}],"twitter_card":"summary_large_image","twitter_misc":{"Ansl. lesetid":"3 minutter"},"schema":{"@context":"https:\/\/schema.org","@graph":[{"@type":"WebPage","@id":"https:\/\/blaakors.no\/barnas-stasjon\/familiesenter-fredrikstad\/","url":"https:\/\/blaakors.no\/barnas-stasjon\/familiesenter-fredrikstad\/","name":"Bl\u00e5 Kors familiesenter Fredrikstad - Barnas stasjon","isPartOf":{"@id":"https:\/\/blaakors.no\/barnas-stasjon\/#website"},"primaryImageOfPage":{"@id":"https:\/\/blaakors.no\/barnas-stasjon\/familiesenter-fredrikstad\/#primaryimage"},"image":{"@id":"https:\/\/blaakors.no\/barnas-stasjon\/familiesenter-fredrikstad\/#primaryimage"},"thumbnailUrl":"https:\/\/blaakors.no\/barnas-stasjon\/wp-content\/uploads\/sites\/8\/2025\/03\/Familiesenter_web-2-1024x683.jpg","datePublished":"2025-03-03T13:36:37+00:00","dateModified":"2026-02-03T09:25:46+00:00","description":"bist\u00e5r barnevernstjenester og Bufetat inn i arbeidet med utsatte barn og deres familier. Timebaserte oppdrag, samv\u00e6r og lokalleie.","breadcrumb":{"@id":"https:\/\/blaakors.no\/barnas-stasjon\/familiesenter-fredrikstad\/#breadcrumb"},"inLanguage":"nb-NO","potentialAction":[{"@type":"ReadAction","target":["https:\/\/blaakors.no\/barnas-stasjon\/familiesenter-fredrikstad\/"]}]},{"@type":"ImageObject","inLanguage":"nb-NO","@id":"https:\/\/blaakors.no\/barnas-stasjon\/familiesenter-fredrikstad\/#primaryimage","url":"https:\/\/blaakors.no\/barnas-stasjon\/wp-content\/uploads\/sites\/8\/2025\/03\/Familiesenter_web-2.jpg","contentUrl":"https:\/\/blaakors.no\/barnas-stasjon\/wp-content\/uploads\/sites\/8\/2025\/03\/Familiesenter_web-2.jpg","width":1600,"height":1067},{"@type":"BreadcrumbList","@id":"https:\/\/blaakors.no\/barnas-stasjon\/familiesenter-fredrikstad\/#breadcrumb","itemListElement":[{"@type":"ListItem","position":1,"name":"Hjem","item":"https:\/\/blaakors.no\/barnas-stasjon\/"},{"@type":"ListItem","position":2,"name":"Bl\u00e5 Kors familiesenter Fredrikstad"}]},{"@type":"WebSite","@id":"https:\/\/blaakors.no\/barnas-stasjon\/#website","url":"https:\/\/blaakors.no\/barnas-stasjon\/","name":"Barnas stasjon","description":"I sentrum st\u00e5r et menneske","publisher":{"@id":"https:\/\/blaakors.no\/barnas-stasjon\/#organization"},"potentialAction":[{"@type":"SearchAction","target":{"@type":"EntryPoint","urlTemplate":"https:\/\/blaakors.no\/barnas-stasjon\/?s={search_term_string}"},"query-input":{"@type":"PropertyValueSpecification","valueRequired":true,"valueName":"search_term_string"}}],"inLanguage":"nb-NO"},{"@type":"Organization","@id":"https:\/\/blaakors.no\/barnas-stasjon\/#organization","name":"Barnas stasjon","url":"https:\/\/blaakors.no\/barnas-stasjon\/","logo":{"@type":"ImageObject","inLanguage":"nb-NO","@id":"https:\/\/blaakors.no\/barnas-stasjon\/#\/schema\/logo\/image\/","url":"https:\/\/blaakors.no\/barnas-stasjon\/wp-content\/uploads\/sites\/8\/2024\/10\/Bla-kors-logo-fredrikstad.svg","contentUrl":"https:\/\/blaakors.no\/barnas-stasjon\/wp-content\/uploads\/sites\/8\/2024\/10\/Bla-kors-logo-fredrikstad.svg","caption":"Barnas stasjon"},"image":{"@id":"https:\/\/blaakors.no\/barnas-stasjon\/#\/schema\/logo\/image\/"}}]}},"_links":{"self":[{"href":"https:\/\/blaakors.no\/barnas-stasjon\/wp-json\/wp\/v2\/pages\/137","targetHints":{"allow":["GET"]}}],"collection":[{"href":"https:\/\/blaakors.no\/barnas-stasjon\/wp-json\/wp\/v2\/pages"}],"about":[{"href":"https:\/\/blaakors.no\/barnas-stasjon\/wp-json\/wp\/v2\/types\/page"}],"author":[{"embeddable":true,"href":"https:\/\/blaakors.no\/barnas-stasjon\/wp-json\/wp\/v2\/users\/2"}],"replies":[{"embeddable":true,"href":"https:\/\/blaakors.no\/barnas-stasjon\/wp-json\/wp\/v2\/comments?post=137"}],"version-history":[{"count":31,"href":"https:\/\/blaakors.no\/barnas-stasjon\/wp-json\/wp\/v2\/pages\/137\/revisions"}],"predecessor-version":[{"id":274,"href":"https:\/\/blaakors.no\/barnas-stasjon\/wp-json\/wp\/v2\/pages\/137\/revisions\/274"}],"wp:attachment":[{"href":"https:\/\/blaakors.no\/barnas-stasjon\/wp-json\/wp\/v2\/media?parent=137"}],"curies":[{"name":"wp","href":"https:\/\/api.w.org\/{rel}","templated":true}]}}