{"id":7,"date":"2024-08-21T14:08:07","date_gmt":"2024-08-21T12:08:07","guid":{"rendered":"https:\/\/blaakors.no\/ilaveien-bosenter\/?page_id=7"},"modified":"2025-01-28T13:27:33","modified_gmt":"2025-01-28T12:27:33","slug":"forside","status":"publish","type":"page","link":"https:\/\/blaakors.no\/bosenter\/","title":{"rendered":"Forside"},"content":{"rendered":"\n<div class=\"wp-block-group alignfull has-light-beige-background-color has-background is-layout-flow wp-block-group-is-layout-flow\" style=\"padding-top:0;padding-right:0;padding-bottom:0;padding-left:0\">\n<div class=\"wp-block-group has-global-padding is-layout-constrained wp-block-group-is-layout-constrained\" style=\"padding-top:var(--wp--preset--spacing--50);padding-bottom:var(--wp--preset--spacing--50)\">\n<div style=\"height:130px\" aria-hidden=\"true\" class=\"wp-block-spacer\"><\/div>\n\n\n\n<div class=\"wp-block-columns alignwide is-layout-flex wp-container-core-columns-is-layout-1 wp-block-columns-is-layout-flex\">\n<div class=\"wp-block-column is-vertically-aligned-center is-layout-flow wp-block-column-is-layout-flow\">\n<h2 class=\"wp-block-heading\">Bl\u00e5 Kors bosenter Fredrikstad<\/h2>\n\n\n\n<h2 class=\"wp-block-heading\">Bl\u00e5 Kors bosenter Sarpsborg<\/h2>\n\n\n\n<p>V\u00e5re to bosenter drives p\u00e5 oppdrag fra Fredrikstad kommune og Sarpsborg kommune. Begge er et bo- og boveiledningstilbud til mennesker med rus- og psykiske helseutfordringer. I tillegg har bosenteret i Sarpsborg midlertidig botilbud til bostedsl\u00f8se. <\/p>\n<\/div>\n\n\n\n<div class=\"wp-block-column is-layout-flow wp-block-column-is-layout-flow\" style=\"flex-basis:20px\"><\/div>\n\n\n\n<div class=\"wp-block-column is-layout-flow wp-block-column-is-layout-flow\">\n<figure class=\"wp-block-image size-large\"><img loading=\"lazy\" decoding=\"async\" width=\"1024\" height=\"682\" src=\"https:\/\/blaakors.no\/bosenter\/wp-content\/uploads\/sites\/4\/2024\/10\/Ilaveien_web-2-1024x682.jpg\" alt=\"\" class=\"wp-image-648\" srcset=\"https:\/\/blaakors.no\/bosenter\/wp-content\/uploads\/sites\/4\/2024\/10\/Ilaveien_web-2-1024x682.jpg 1024w, https:\/\/blaakors.no\/bosenter\/wp-content\/uploads\/sites\/4\/2024\/10\/Ilaveien_web-2-300x200.jpg 300w, https:\/\/blaakors.no\/bosenter\/wp-content\/uploads\/sites\/4\/2024\/10\/Ilaveien_web-2-768x512.jpg 768w, https:\/\/blaakors.no\/bosenter\/wp-content\/uploads\/sites\/4\/2024\/10\/Ilaveien_web-2.jpg 1499w\" sizes=\"auto, (max-width: 1024px) 100vw, 1024px\" \/><\/figure>\n<\/div>\n<\/div>\n<\/div>\n<\/div>\n\n\n\n<div class=\"wp-block-columns is-layout-flex wp-container-core-columns-is-layout-2 wp-block-columns-is-layout-flex\">\n<div class=\"wp-block-column is-layout-flow wp-block-column-is-layout-flow\">\n<div style=\"height:100px\" aria-hidden=\"true\" class=\"wp-block-spacer\"><\/div>\n\n\n\n<h2 class=\"wp-block-heading\">Bosenter Fredrikstad<\/h2>\n\n\n\n<p>Bl\u00e5 Kors bosenter Fredrikstad startet opp i 2003 og er et botilbud for mennesker med rusproblematikk og psykiske lidelser. Bosenteret i Fredrikstad har 30 leiligheter som disponeres av Fredrikstad kommune.<\/p>\n\n\n\n<figure class=\"wp-block-image size-large\"><img loading=\"lazy\" decoding=\"async\" width=\"1024\" height=\"682\" src=\"https:\/\/blaakors.no\/bosenter\/wp-content\/uploads\/sites\/4\/2024\/10\/Ilaveien_web-37-1024x682.jpg\" alt=\"\" class=\"wp-image-649\" srcset=\"https:\/\/blaakors.no\/bosenter\/wp-content\/uploads\/sites\/4\/2024\/10\/Ilaveien_web-37-1024x682.jpg 1024w, https:\/\/blaakors.no\/bosenter\/wp-content\/uploads\/sites\/4\/2024\/10\/Ilaveien_web-37-300x200.jpg 300w, https:\/\/blaakors.no\/bosenter\/wp-content\/uploads\/sites\/4\/2024\/10\/Ilaveien_web-37-768x512.jpg 768w, https:\/\/blaakors.no\/bosenter\/wp-content\/uploads\/sites\/4\/2024\/10\/Ilaveien_web-37.jpg 1499w\" sizes=\"auto, (max-width: 1024px) 100vw, 1024px\" \/><\/figure>\n<\/div>\n\n\n\n<div class=\"wp-block-column is-layout-flow wp-block-column-is-layout-flow\">\n<div style=\"height:100px\" aria-hidden=\"true\" class=\"wp-block-spacer\"><\/div>\n\n\n\n<h2 class=\"wp-block-heading\">Bosenter Sarpsborg<\/h2>\n\n\n\n<p>Bl\u00e5 Kors bosenter Sarpsborg startet opp i 1991 og har totalt 37&nbsp; boenheter. M\u00e5lgruppen er mennesker med rus- og andre psykososiale utfordringer. Hyblene leies ut p\u00e5 oppdrag fra NAV Sarpsborg og Sarpsborg kommune.  <\/p>\n\n\n\n<figure class=\"wp-block-image size-large\"><img loading=\"lazy\" decoding=\"async\" width=\"1024\" height=\"683\" src=\"https:\/\/blaakors.no\/bosenter\/wp-content\/uploads\/sites\/4\/2024\/10\/Kulas_web-39-1024x683.jpg\" alt=\"\" class=\"wp-image-650\" srcset=\"https:\/\/blaakors.no\/bosenter\/wp-content\/uploads\/sites\/4\/2024\/10\/Kulas_web-39-1024x683.jpg 1024w, https:\/\/blaakors.no\/bosenter\/wp-content\/uploads\/sites\/4\/2024\/10\/Kulas_web-39-300x200.jpg 300w, https:\/\/blaakors.no\/bosenter\/wp-content\/uploads\/sites\/4\/2024\/10\/Kulas_web-39-768x512.jpg 768w, https:\/\/blaakors.no\/bosenter\/wp-content\/uploads\/sites\/4\/2024\/10\/Kulas_web-39-1536x1024.jpg 1536w, https:\/\/blaakors.no\/bosenter\/wp-content\/uploads\/sites\/4\/2024\/10\/Kulas_web-39.jpg 1600w\" sizes=\"auto, (max-width: 1024px) 100vw, 1024px\" \/><\/figure>\n<\/div>\n<\/div>\n\n\n\n<div style=\"height:37px\" aria-hidden=\"true\" class=\"wp-block-spacer\"><\/div>\n\n\n\n<div class=\"wp-block-buttons is-layout-flex wp-block-buttons-is-layout-flex\">\n<div class=\"wp-block-button has-custom-font-size has-small-font-size\"><a class=\"wp-block-button__link has-light-beige-background-color has-background wp-element-button\" href=\"https:\/\/blaakors.no\/bosenter\/om-oss\/\">Les mer om oss <img decoding=\"async\" class=\"wp-image-46\" style=\"width: 22px\" src=\"https:\/\/blaakors.no\/varmestua\/wp-content\/uploads\/sites\/3\/2024\/08\/arrow-right.svg\" alt=\"\"><\/a><\/div>\n<\/div>\n\n\n\n<div style=\"height:45px\" aria-hidden=\"true\" class=\"wp-block-spacer\"><\/div>\n\n\n\n<div class=\"wp-block-group alignfull has-light-beige-background-color has-background has-global-padding is-layout-constrained wp-block-group-is-layout-constrained\">\n<div style=\"height:54px\" aria-hidden=\"true\" class=\"wp-block-spacer\"><\/div>\n\n\n\n<div class=\"wp-block-columns has-light-pink-background-color has-background is-layout-flex wp-container-core-columns-is-layout-4 wp-block-columns-is-layout-flex\" style=\"border-radius:15px;padding-top:var(--wp--preset--spacing--50);padding-right:var(--wp--preset--spacing--50);padding-bottom:var(--wp--preset--spacing--50);padding-left:var(--wp--preset--spacing--50)\">\n<div class=\"wp-block-column is-layout-flow wp-block-column-is-layout-flow\">\n<div class=\"wp-block-columns is-layout-flex wp-container-core-columns-is-layout-3 wp-block-columns-is-layout-flex\">\n<div class=\"wp-block-column is-vertically-aligned-center is-layout-flow wp-block-column-is-layout-flow\" style=\"flex-basis:60%\">\n<h2 class=\"wp-block-heading\">Gjennom trygge omgivelser, omsorg og veiledning, gir vi v\u00e5re beboere \u00f8kt mestringsf\u00f8lelse og bedret livskvalitet<\/h2>\n\n\n\n<p class=\"has-medium-font-size\">Vi legger til rette for at v\u00e5re beboere skal kunne delta p\u00e5 positive aktiviteter, kurs og prosjekter. Vi har ogs\u00e5 tidgivere som bidrar til aktivitetstilbudet.<\/p>\n\n\n\n<div style=\"height:17px\" aria-hidden=\"true\" class=\"wp-block-spacer hide-mobile\"><\/div>\n\n\n\n<div class=\"wp-block-buttons is-layout-flex wp-block-buttons-is-layout-flex\">\n<div class=\"wp-block-button\"><a class=\"wp-block-button__link has-medium-pink-background-color has-background wp-element-button\" href=\"https:\/\/blaakors.no\/ilaveien-bosenter\/kontakt\/\">Ta kontakt for mer informasjon <img loading=\"lazy\" decoding=\"async\" width=\"22\" height=\"17\" class=\"wp-image-416\" style=\"width: 22px\" src=\"https:\/\/blaakors.no\/ilaveien-bosenter\/wp-content\/uploads\/sites\/4\/2024\/08\/arrow-right.svg\" alt=\"\"><\/a><\/div>\n<\/div>\n<\/div>\n\n\n\n<div class=\"wp-block-column is-vertically-aligned-center is-layout-flow wp-block-column-is-layout-flow\" style=\"flex-basis:40%\">\n<figure class=\"wp-block-image aligncenter size-large is-resized\"><img loading=\"lazy\" decoding=\"async\" width=\"1024\" height=\"937\" src=\"https:\/\/blaakors.no\/ilaveien-bosenter\/wp-content\/uploads\/sites\/4\/2024\/09\/Ingvill_moerk_blaa-1024x937.png\" alt=\"\" class=\"wp-image-465\" style=\"width:216px;height:auto\" srcset=\"https:\/\/blaakors.no\/bosenter\/wp-content\/uploads\/sites\/4\/2024\/09\/Ingvill_moerk_blaa-1024x937.png 1024w, https:\/\/blaakors.no\/bosenter\/wp-content\/uploads\/sites\/4\/2024\/09\/Ingvill_moerk_blaa-300x274.png 300w, https:\/\/blaakors.no\/bosenter\/wp-content\/uploads\/sites\/4\/2024\/09\/Ingvill_moerk_blaa-768x702.png 768w, https:\/\/blaakors.no\/bosenter\/wp-content\/uploads\/sites\/4\/2024\/09\/Ingvill_moerk_blaa-1536x1405.png 1536w, https:\/\/blaakors.no\/bosenter\/wp-content\/uploads\/sites\/4\/2024\/09\/Ingvill_moerk_blaa-2048x1873.png 2048w\" sizes=\"auto, (max-width: 1024px) 100vw, 1024px\" \/><\/figure>\n<\/div>\n<\/div>\n<\/div>\n<\/div>\n\n\n\n<div style=\"height:50px\" aria-hidden=\"true\" class=\"wp-block-spacer\"><\/div>\n\n\n\n<div style=\"height:50px\" aria-hidden=\"true\" class=\"wp-block-spacer hide-mobile\"><\/div>\n<\/div>\n","protected":false},"excerpt":{"rendered":"<p>Bl\u00e5 Kors bosenter Fredrikstad Bl\u00e5 Kors bosenter Sarpsborg V\u00e5re to bosenter drives p\u00e5 oppdrag fra Fredrikstad kommune og Sarpsborg kommune. Begge er et bo- og boveiledningstilbud til mennesker med rus- og psykiske helseutfordringer. I tillegg har bosenteret i Sarpsborg midlertidig botilbud til bostedsl\u00f8se. Bosenter Fredrikstad Bl\u00e5 Kors bosenter Fredrikstad startet opp i 2003 og er [&hellip;]<\/p>\n","protected":false},"author":1,"featured_media":0,"parent":0,"menu_order":0,"comment_status":"closed","ping_status":"closed","template":"","meta":{"inline_featured_image":false,"_exactmetrics_skip_tracking":false,"_exactmetrics_sitenote_active":false,"_exactmetrics_sitenote_note":"","_exactmetrics_sitenote_category":0,"footnotes":""},"class_list":["post-7","page","type-page","status-publish","hentry"],"yoast_head":"<!-- This site is optimized with the Yoast SEO plugin v26.6 - https:\/\/yoast.com\/wordpress\/plugins\/seo\/ -->\n<title>Forside - Bosenter<\/title>\n<meta name=\"robots\" content=\"index, follow, max-snippet:-1, max-image-preview:large, max-video-preview:-1\" \/>\n<link rel=\"canonical\" href=\"https:\/\/blaakors.no\/bosenter\/\" \/>\n<meta property=\"og:locale\" content=\"nb_NO\" \/>\n<meta property=\"og:type\" content=\"article\" \/>\n<meta property=\"og:title\" content=\"Forside - Bosenter\" \/>\n<meta property=\"og:description\" content=\"Bl\u00e5 Kors bosenter Fredrikstad Bl\u00e5 Kors bosenter Sarpsborg V\u00e5re to bosenter drives p\u00e5 oppdrag fra Fredrikstad kommune og Sarpsborg kommune. Begge er et bo- og boveiledningstilbud til mennesker med rus- og psykiske helseutfordringer. I tillegg har bosenteret i Sarpsborg midlertidig botilbud til bostedsl\u00f8se. Bosenter Fredrikstad Bl\u00e5 Kors bosenter Fredrikstad startet opp i 2003 og er [&hellip;]\" \/>\n<meta property=\"og:url\" content=\"https:\/\/blaakors.no\/bosenter\/\" \/>\n<meta property=\"og:site_name\" content=\"Bosenter\" \/>\n<meta property=\"article:modified_time\" content=\"2025-01-28T12:27:33+00:00\" \/>\n<meta property=\"og:image\" content=\"https:\/\/blaakors.no\/bosenter\/wp-content\/uploads\/sites\/4\/2024\/10\/Ilaveien_web-2.jpg\" \/>\n\t<meta property=\"og:image:width\" content=\"1499\" \/>\n\t<meta property=\"og:image:height\" content=\"999\" \/>\n\t<meta property=\"og:image:type\" content=\"image\/jpeg\" \/>\n<meta name=\"twitter:card\" content=\"summary_large_image\" \/>\n<meta name=\"twitter:label1\" content=\"Ansl. lesetid\" \/>\n\t<meta name=\"twitter:data1\" content=\"3 minutter\" \/>\n<script type=\"application\/ld+json\" class=\"yoast-schema-graph\">{\"@context\":\"https:\/\/schema.org\",\"@graph\":[{\"@type\":\"WebPage\",\"@id\":\"https:\/\/blaakors.no\/bosenter\/\",\"url\":\"https:\/\/blaakors.no\/bosenter\/\",\"name\":\"Forside - Bosenter\",\"isPartOf\":{\"@id\":\"https:\/\/blaakors.no\/bosenter\/#website\"},\"primaryImageOfPage\":{\"@id\":\"https:\/\/blaakors.no\/bosenter\/#primaryimage\"},\"image\":{\"@id\":\"https:\/\/blaakors.no\/bosenter\/#primaryimage\"},\"thumbnailUrl\":\"https:\/\/blaakors.no\/bosenter\/wp-content\/uploads\/sites\/4\/2024\/10\/Ilaveien_web-2-1024x682.jpg\",\"datePublished\":\"2024-08-21T12:08:07+00:00\",\"dateModified\":\"2025-01-28T12:27:33+00:00\",\"breadcrumb\":{\"@id\":\"https:\/\/blaakors.no\/bosenter\/#breadcrumb\"},\"inLanguage\":\"nb-NO\",\"potentialAction\":[{\"@type\":\"ReadAction\",\"target\":[\"https:\/\/blaakors.no\/bosenter\/\"]}]},{\"@type\":\"ImageObject\",\"inLanguage\":\"nb-NO\",\"@id\":\"https:\/\/blaakors.no\/bosenter\/#primaryimage\",\"url\":\"https:\/\/blaakors.no\/bosenter\/wp-content\/uploads\/sites\/4\/2024\/10\/Ilaveien_web-2.jpg\",\"contentUrl\":\"https:\/\/blaakors.no\/bosenter\/wp-content\/uploads\/sites\/4\/2024\/10\/Ilaveien_web-2.jpg\",\"width\":1499,\"height\":999},{\"@type\":\"BreadcrumbList\",\"@id\":\"https:\/\/blaakors.no\/bosenter\/#breadcrumb\",\"itemListElement\":[{\"@type\":\"ListItem\",\"position\":1,\"name\":\"Hjem\",\"item\":\"https:\/\/blaakors.no\/bosenter\/\"},{\"@type\":\"ListItem\",\"position\":2,\"name\":\"Forside\"}]},{\"@type\":\"WebSite\",\"@id\":\"https:\/\/blaakors.no\/bosenter\/#website\",\"url\":\"https:\/\/blaakors.no\/bosenter\/\",\"name\":\"Bosenter\",\"description\":\"I sentrum st\u00e5r et menneske\",\"publisher\":{\"@id\":\"https:\/\/blaakors.no\/bosenter\/#organization\"},\"potentialAction\":[{\"@type\":\"SearchAction\",\"target\":{\"@type\":\"EntryPoint\",\"urlTemplate\":\"https:\/\/blaakors.no\/bosenter\/?s={search_term_string}\"},\"query-input\":{\"@type\":\"PropertyValueSpecification\",\"valueRequired\":true,\"valueName\":\"search_term_string\"}}],\"inLanguage\":\"nb-NO\"},{\"@type\":\"Organization\",\"@id\":\"https:\/\/blaakors.no\/bosenter\/#organization\",\"name\":\"Bosenter\",\"url\":\"https:\/\/blaakors.no\/bosenter\/\",\"logo\":{\"@type\":\"ImageObject\",\"inLanguage\":\"nb-NO\",\"@id\":\"https:\/\/blaakors.no\/bosenter\/#\/schema\/logo\/image\/\",\"url\":\"https:\/\/blaakors.no\/bosenter\/wp-content\/uploads\/sites\/4\/2024\/09\/Bla-kors-logo-fredrikstad.svg\",\"contentUrl\":\"https:\/\/blaakors.no\/bosenter\/wp-content\/uploads\/sites\/4\/2024\/09\/Bla-kors-logo-fredrikstad.svg\",\"caption\":\"Bosenter\"},\"image\":{\"@id\":\"https:\/\/blaakors.no\/bosenter\/#\/schema\/logo\/image\/\"}}]}<\/script>\n<!-- \/ Yoast SEO plugin. -->","yoast_head_json":{"title":"Forside - Bosenter","robots":{"index":"index","follow":"follow","max-snippet":"max-snippet:-1","max-image-preview":"max-image-preview:large","max-video-preview":"max-video-preview:-1"},"canonical":"https:\/\/blaakors.no\/bosenter\/","og_locale":"nb_NO","og_type":"article","og_title":"Forside - Bosenter","og_description":"Bl\u00e5 Kors bosenter Fredrikstad Bl\u00e5 Kors bosenter Sarpsborg V\u00e5re to bosenter drives p\u00e5 oppdrag fra Fredrikstad kommune og Sarpsborg kommune. Begge er et bo- og boveiledningstilbud til mennesker med rus- og psykiske helseutfordringer. I tillegg har bosenteret i Sarpsborg midlertidig botilbud til bostedsl\u00f8se. Bosenter Fredrikstad Bl\u00e5 Kors bosenter Fredrikstad startet opp i 2003 og er [&hellip;]","og_url":"https:\/\/blaakors.no\/bosenter\/","og_site_name":"Bosenter","article_modified_time":"2025-01-28T12:27:33+00:00","og_image":[{"width":1499,"height":999,"url":"https:\/\/blaakors.no\/bosenter\/wp-content\/uploads\/sites\/4\/2024\/10\/Ilaveien_web-2.jpg","type":"image\/jpeg"}],"twitter_card":"summary_large_image","twitter_misc":{"Ansl. lesetid":"3 minutter"},"schema":{"@context":"https:\/\/schema.org","@graph":[{"@type":"WebPage","@id":"https:\/\/blaakors.no\/bosenter\/","url":"https:\/\/blaakors.no\/bosenter\/","name":"Forside - Bosenter","isPartOf":{"@id":"https:\/\/blaakors.no\/bosenter\/#website"},"primaryImageOfPage":{"@id":"https:\/\/blaakors.no\/bosenter\/#primaryimage"},"image":{"@id":"https:\/\/blaakors.no\/bosenter\/#primaryimage"},"thumbnailUrl":"https:\/\/blaakors.no\/bosenter\/wp-content\/uploads\/sites\/4\/2024\/10\/Ilaveien_web-2-1024x682.jpg","datePublished":"2024-08-21T12:08:07+00:00","dateModified":"2025-01-28T12:27:33+00:00","breadcrumb":{"@id":"https:\/\/blaakors.no\/bosenter\/#breadcrumb"},"inLanguage":"nb-NO","potentialAction":[{"@type":"ReadAction","target":["https:\/\/blaakors.no\/bosenter\/"]}]},{"@type":"ImageObject","inLanguage":"nb-NO","@id":"https:\/\/blaakors.no\/bosenter\/#primaryimage","url":"https:\/\/blaakors.no\/bosenter\/wp-content\/uploads\/sites\/4\/2024\/10\/Ilaveien_web-2.jpg","contentUrl":"https:\/\/blaakors.no\/bosenter\/wp-content\/uploads\/sites\/4\/2024\/10\/Ilaveien_web-2.jpg","width":1499,"height":999},{"@type":"BreadcrumbList","@id":"https:\/\/blaakors.no\/bosenter\/#breadcrumb","itemListElement":[{"@type":"ListItem","position":1,"name":"Hjem","item":"https:\/\/blaakors.no\/bosenter\/"},{"@type":"ListItem","position":2,"name":"Forside"}]},{"@type":"WebSite","@id":"https:\/\/blaakors.no\/bosenter\/#website","url":"https:\/\/blaakors.no\/bosenter\/","name":"Bosenter","description":"I sentrum st\u00e5r et menneske","publisher":{"@id":"https:\/\/blaakors.no\/bosenter\/#organization"},"potentialAction":[{"@type":"SearchAction","target":{"@type":"EntryPoint","urlTemplate":"https:\/\/blaakors.no\/bosenter\/?s={search_term_string}"},"query-input":{"@type":"PropertyValueSpecification","valueRequired":true,"valueName":"search_term_string"}}],"inLanguage":"nb-NO"},{"@type":"Organization","@id":"https:\/\/blaakors.no\/bosenter\/#organization","name":"Bosenter","url":"https:\/\/blaakors.no\/bosenter\/","logo":{"@type":"ImageObject","inLanguage":"nb-NO","@id":"https:\/\/blaakors.no\/bosenter\/#\/schema\/logo\/image\/","url":"https:\/\/blaakors.no\/bosenter\/wp-content\/uploads\/sites\/4\/2024\/09\/Bla-kors-logo-fredrikstad.svg","contentUrl":"https:\/\/blaakors.no\/bosenter\/wp-content\/uploads\/sites\/4\/2024\/09\/Bla-kors-logo-fredrikstad.svg","caption":"Bosenter"},"image":{"@id":"https:\/\/blaakors.no\/bosenter\/#\/schema\/logo\/image\/"}}]}},"_links":{"self":[{"href":"https:\/\/blaakors.no\/bosenter\/wp-json\/wp\/v2\/pages\/7","targetHints":{"allow":["GET"]}}],"collection":[{"href":"https:\/\/blaakors.no\/bosenter\/wp-json\/wp\/v2\/pages"}],"about":[{"href":"https:\/\/blaakors.no\/bosenter\/wp-json\/wp\/v2\/types\/page"}],"author":[{"embeddable":true,"href":"https:\/\/blaakors.no\/bosenter\/wp-json\/wp\/v2\/users\/1"}],"replies":[{"embeddable":true,"href":"https:\/\/blaakors.no\/bosenter\/wp-json\/wp\/v2\/comments?post=7"}],"version-history":[{"count":27,"href":"https:\/\/blaakors.no\/bosenter\/wp-json\/wp\/v2\/pages\/7\/revisions"}],"predecessor-version":[{"id":669,"href":"https:\/\/blaakors.no\/bosenter\/wp-json\/wp\/v2\/pages\/7\/revisions\/669"}],"wp:attachment":[{"href":"https:\/\/blaakors.no\/bosenter\/wp-json\/wp\/v2\/media?parent=7"}],"curies":[{"name":"wp","href":"https:\/\/api.w.org\/{rel}","templated":true}]}}