{"id":5,"date":"2024-08-20T14:17:18","date_gmt":"2024-08-20T12:17:18","guid":{"rendered":"https:\/\/blaakors.no\/varmestua\/?page_id=5"},"modified":"2026-02-18T08:42:58","modified_gmt":"2026-02-18T07:42:58","slug":"forside","status":"publish","type":"page","link":"https:\/\/blaakors.no\/varmestua\/","title":{"rendered":"Forside"},"content":{"rendered":"\n<div class=\"wp-block-group alignfull has-light-beige-background-color has-background is-layout-flow wp-block-group-is-layout-flow\" style=\"padding-top:0;padding-right:0;padding-bottom:0;padding-left:0\">\n<div class=\"wp-block-group has-global-padding is-layout-constrained wp-block-group-is-layout-constrained\" style=\"padding-top:var(--wp--preset--spacing--50);padding-bottom:var(--wp--preset--spacing--50)\">\n<div style=\"height:130px\" aria-hidden=\"true\" class=\"wp-block-spacer\"><\/div>\n\n\n\n<div class=\"wp-block-columns alignwide is-layout-flex wp-container-core-columns-is-layout-1 wp-block-columns-is-layout-flex\">\n<div class=\"wp-block-column is-vertically-aligned-center is-layout-flow wp-block-column-is-layout-flow\">\n<h2 class=\"wp-block-heading\" style=\"font-style:normal;font-weight:600\">Bl\u00e5 Kors Varmestua er et gaten\u00e6rt lavterskeltilbud for rusavhengige i Fredrikstad<\/h2>\n\n\n\n<p>Vi har tre tjenesteomr\u00e5der:&nbsp;Mat og omsorg,&nbsp;aktiviteter og milj\u00f8tjenesten<\/p>\n\n\n\n<div class=\"wp-block-buttons is-layout-flex wp-block-buttons-is-layout-flex\">\n<div class=\"wp-block-button\"><a class=\"wp-block-button__link has-medium-green-background-color has-background wp-element-button\" href=\"https:\/\/blaakors.no\/varmestua\/om-oss\/\">Om oss <img loading=\"lazy\" decoding=\"async\" width=\"22\" height=\"17\" class=\"wp-image-46\" style=\"width: 22px\" src=\"https:\/\/blaakors.no\/varmestua\/wp-content\/uploads\/sites\/3\/2024\/08\/arrow-right.svg\" alt=\"\"><\/a><\/div>\n<\/div>\n<\/div>\n\n\n\n<div class=\"wp-block-column is-layout-flow wp-block-column-is-layout-flow\" style=\"flex-basis:20px\"><\/div>\n\n\n\n<div class=\"wp-block-column is-layout-flow wp-block-column-is-layout-flow\">\n<figure class=\"wp-block-image size-large has-custom-border\"><img loading=\"lazy\" decoding=\"async\" width=\"1024\" height=\"683\" src=\"https:\/\/blaakors.no\/varmestua\/wp-content\/uploads\/sites\/3\/2025\/01\/Varmestua-20-ar_farger-1024x683.jpg\" alt=\"\" class=\"wp-image-907\" style=\"border-radius:39px\" srcset=\"https:\/\/blaakors.no\/varmestua\/wp-content\/uploads\/sites\/3\/2025\/01\/Varmestua-20-ar_farger-1024x683.jpg 1024w, https:\/\/blaakors.no\/varmestua\/wp-content\/uploads\/sites\/3\/2025\/01\/Varmestua-20-ar_farger-300x200.jpg 300w, https:\/\/blaakors.no\/varmestua\/wp-content\/uploads\/sites\/3\/2025\/01\/Varmestua-20-ar_farger-768x512.jpg 768w, https:\/\/blaakors.no\/varmestua\/wp-content\/uploads\/sites\/3\/2025\/01\/Varmestua-20-ar_farger-1536x1024.jpg 1536w, https:\/\/blaakors.no\/varmestua\/wp-content\/uploads\/sites\/3\/2025\/01\/Varmestua-20-ar_farger.jpg 1600w\" sizes=\"auto, (max-width: 1024px) 100vw, 1024px\" \/><\/figure>\n<\/div>\n<\/div>\n<\/div>\n<\/div>\n\n\n\n<div class=\"wp-block-group alignfull has-light-beige-background-color has-background has-global-padding is-layout-constrained wp-block-group-is-layout-constrained\">\n<div style=\"height:54px\" aria-hidden=\"true\" class=\"wp-block-spacer\"><\/div>\n\n\n\n<div class=\"wp-block-columns has-light-pink-background-color has-background is-layout-flex wp-container-core-columns-is-layout-5 wp-block-columns-is-layout-flex\" style=\"border-radius:15px;padding-top:var(--wp--preset--spacing--50);padding-right:var(--wp--preset--spacing--50);padding-bottom:var(--wp--preset--spacing--50);padding-left:var(--wp--preset--spacing--50)\">\n<div class=\"wp-block-column is-layout-flow wp-block-column-is-layout-flow\">\n<div class=\"wp-block-columns is-layout-flex wp-container-core-columns-is-layout-4 wp-block-columns-is-layout-flex\">\n<div class=\"wp-block-column is-vertically-aligned-center is-layout-flow wp-block-column-is-layout-flow\">\n<div class=\"wp-block-columns is-layout-flex wp-container-core-columns-is-layout-2 wp-block-columns-is-layout-flex\">\n<div class=\"wp-block-column is-vertically-aligned-center is-layout-flow wp-block-column-is-layout-flow\">\n<h2 class=\"wp-block-heading\">V\u00e5re \u00e5pningstider<\/h2>\n\n\n\n<p>Mandag, onsdag, torsdag og fredag kl 09.30 &#8211; 14.00<\/p>\n\n\n\n<p>Tirsdag kl 09.30 &#8211; 17.00<\/p>\n\n\n\n<p>D\u00f8rene til caf\u00e9en stenger et kvarter f\u00f8r stenging.<\/p>\n<\/div>\n\n\n\n<div class=\"wp-block-column is-vertically-aligned-center is-layout-flow wp-block-column-is-layout-flow\"><\/div>\n<\/div>\n\n\n\n<div style=\"height:25px\" aria-hidden=\"true\" class=\"wp-block-spacer hide-mobile\"><\/div>\n\n\n\n<div class=\"wp-block-columns is-layout-flex wp-container-core-columns-is-layout-3 wp-block-columns-is-layout-flex\">\n<div class=\"wp-block-column is-layout-flow wp-block-column-is-layout-flow\">\n<figure class=\"wp-block-image size-full is-resized\"><img loading=\"lazy\" decoding=\"async\" width=\"1298\" height=\"1615\" src=\"https:\/\/blaakors.no\/varmestua\/wp-content\/uploads\/sites\/3\/2024\/09\/Jorid.jpg\" alt=\"\" class=\"wp-image-749\" style=\"aspect-ratio:1;object-fit:cover;width:360px\" srcset=\"https:\/\/blaakors.no\/varmestua\/wp-content\/uploads\/sites\/3\/2024\/09\/Jorid.jpg 1298w, https:\/\/blaakors.no\/varmestua\/wp-content\/uploads\/sites\/3\/2024\/09\/Jorid-241x300.jpg 241w, https:\/\/blaakors.no\/varmestua\/wp-content\/uploads\/sites\/3\/2024\/09\/Jorid-823x1024.jpg 823w, https:\/\/blaakors.no\/varmestua\/wp-content\/uploads\/sites\/3\/2024\/09\/Jorid-768x956.jpg 768w, https:\/\/blaakors.no\/varmestua\/wp-content\/uploads\/sites\/3\/2024\/09\/Jorid-1235x1536.jpg 1235w\" sizes=\"auto, (max-width: 1298px) 100vw, 1298px\" \/><\/figure>\n\n\n\n<p>Jorid D. Bertelsen &#8211; Virksomhetsleder<\/p>\n\n\n\n<p>+47 97 12 56 61<br><a href=\"mailto:jorid.bertelsen@blaakors.no\">jorid.bertelsen@blaakors.no<\/a><\/p>\n<\/div>\n\n\n\n<div class=\"wp-block-column is-layout-flow wp-block-column-is-layout-flow\">\n<figure class=\"wp-block-image size-full is-resized\"><img loading=\"lazy\" decoding=\"async\" width=\"1279\" height=\"1279\" src=\"https:\/\/blaakors.no\/varmestua\/wp-content\/uploads\/sites\/3\/2024\/10\/Elsa_hjemmesideNY-1-edited.jpg\" alt=\"\" class=\"wp-image-889\" style=\"object-fit:cover;width:360px;height:auto\" srcset=\"https:\/\/blaakors.no\/varmestua\/wp-content\/uploads\/sites\/3\/2024\/10\/Elsa_hjemmesideNY-1-edited.jpg 1279w, https:\/\/blaakors.no\/varmestua\/wp-content\/uploads\/sites\/3\/2024\/10\/Elsa_hjemmesideNY-1-edited-300x300.jpg 300w, https:\/\/blaakors.no\/varmestua\/wp-content\/uploads\/sites\/3\/2024\/10\/Elsa_hjemmesideNY-1-edited-1024x1024.jpg 1024w, https:\/\/blaakors.no\/varmestua\/wp-content\/uploads\/sites\/3\/2024\/10\/Elsa_hjemmesideNY-1-edited-150x150.jpg 150w, https:\/\/blaakors.no\/varmestua\/wp-content\/uploads\/sites\/3\/2024\/10\/Elsa_hjemmesideNY-1-edited-768x768.jpg 768w\" sizes=\"auto, (max-width: 1279px) 100vw, 1279px\" \/><\/figure>\n\n\n\n<p>Elsa Hagstr\u00f8m &#8211; Milj\u00f8terapeut<\/p>\n\n\n\n<p>+47 90 10 62 15<br><a href=\"https:\/\/blaakors.no\/varmestua\/om-oss\/elsa.hagstrom@blaakors.no\">elsa.hagstrom@blaakors.no<\/a><\/p>\n<\/div>\n<\/div>\n<\/div>\n<\/div>\n\n\n\n<div style=\"height:50px\" aria-hidden=\"true\" class=\"wp-block-spacer hide-mobile\"><\/div>\n<\/div>\n<\/div>\n\n\n\n<div style=\"height:50px\" aria-hidden=\"true\" class=\"wp-block-spacer\"><\/div>\n\n\n\n<div style=\"height:50px\" aria-hidden=\"true\" class=\"wp-block-spacer hide-mobile\"><\/div>\n<\/div>\n\n\n\n<div class=\"wp-block-group alignfull has-light-beige-background-color has-background has-global-padding is-layout-constrained wp-block-group-is-layout-constrained\">\n<div style=\"height:42px\" aria-hidden=\"true\" class=\"wp-block-spacer hide-mobile\"><\/div>\n\n\n\n<div class=\"wp-block-group is-layout-flow wp-block-group-is-layout-flow\">\n<div class=\"wp-block-columns is-layout-flex wp-container-core-columns-is-layout-6 wp-block-columns-is-layout-flex\">\n<div class=\"wp-block-column border-radius has-beige-background-color has-background is-layout-flow wp-block-column-is-layout-flow\" style=\"padding-top:var(--wp--preset--spacing--40);padding-right:var(--wp--preset--spacing--50);padding-bottom:var(--wp--preset--spacing--40);padding-left:var(--wp--preset--spacing--50)\">\n<div style=\"height:10px\" aria-hidden=\"true\" class=\"wp-block-spacer\"><\/div>\n\n\n\n<h2 class=\"wp-block-heading\">\u00d8nsker du \u00e5 bli tidgiver p\u00e5 Varmestua?<\/h2>\n\n\n\n<p>V\u00e5re engasjerte og dyktige tidgivere gir av sin tid og sitt engasjement for at rusavhengige i Fredrikstad skal ha et godt sted \u00e5 v\u00e6re. et sted hvor de kan f\u00f8le seg velkommen, kjenne omsorg og f\u00e5 en god prat.<\/p>\n\n\n\n<p>Ta kontakt med Bl\u00e5 Kors Frivilligsentral&nbsp;<\/p>\n\n\n\n<p>Tlf: <a href=\"tel:+47 90 36 11 95\">+47 90 36 11 95<\/a><\/p>\n\n\n\n<div style=\"height:17px\" aria-hidden=\"true\" class=\"wp-block-spacer hide-mobile\"><\/div>\n\n\n\n<div class=\"wp-block-buttons is-layout-flex wp-block-buttons-is-layout-flex\">\n<div class=\"wp-block-button\"><a class=\"wp-block-button__link has-light-blue-background-color has-background wp-element-button\" href=\"https:\/\/blaakors.no\/bli-tidgiver\/\">Bli tidgiver <img loading=\"lazy\" decoding=\"async\" width=\"22\" height=\"17\" class=\"wp-image-46\" style=\"width: 22px\" src=\"https:\/\/blaakors.no\/varmestua\/wp-content\/uploads\/sites\/3\/2024\/08\/arrow-right.svg\" alt=\"\"><\/a><\/div>\n<\/div>\n\n\n\n<div style=\"height:10px\" aria-hidden=\"true\" class=\"wp-block-spacer\"><\/div>\n<\/div>\n\n\n\n<div class=\"wp-block-column is-layout-flow wp-block-column-is-layout-flow\">\n<div class=\"wp-block-cover image-cover-mobile\" style=\"border-radius:15px;min-height:600px;aspect-ratio:unset;\"><span aria-hidden=\"true\" class=\"wp-block-cover__background has-background-dim-0 has-background-dim\" style=\"background-color:#b8a9ab\"><\/span><img loading=\"lazy\" decoding=\"async\" width=\"1920\" height=\"2560\" class=\"wp-block-cover__image-background wp-image-754\" alt=\"\" src=\"https:\/\/blaakors.no\/varmestua\/wp-content\/uploads\/sites\/3\/2024\/09\/IMG_2620-scaled-1.jpg\" data-object-fit=\"cover\" srcset=\"https:\/\/blaakors.no\/varmestua\/wp-content\/uploads\/sites\/3\/2024\/09\/IMG_2620-scaled-1.jpg 1920w, https:\/\/blaakors.no\/varmestua\/wp-content\/uploads\/sites\/3\/2024\/09\/IMG_2620-scaled-1-225x300.jpg 225w, https:\/\/blaakors.no\/varmestua\/wp-content\/uploads\/sites\/3\/2024\/09\/IMG_2620-scaled-1-768x1024.jpg 768w, https:\/\/blaakors.no\/varmestua\/wp-content\/uploads\/sites\/3\/2024\/09\/IMG_2620-scaled-1-1152x1536.jpg 1152w, https:\/\/blaakors.no\/varmestua\/wp-content\/uploads\/sites\/3\/2024\/09\/IMG_2620-scaled-1-1536x2048.jpg 1536w\" sizes=\"auto, (max-width: 1920px) 100vw, 1920px\" \/><div class=\"wp-block-cover__inner-container has-global-padding is-layout-constrained wp-block-cover-is-layout-constrained\">\n<p class=\"has-text-align-center has-large-font-size\"><\/p>\n<\/div><\/div>\n<\/div>\n<\/div>\n<\/div>\n\n\n\n<div style=\"height:50px\" aria-hidden=\"true\" class=\"wp-block-spacer\"><\/div>\n\n\n\n<div style=\"height:50px\" aria-hidden=\"true\" class=\"wp-block-spacer hide-mobile\"><\/div>\n<\/div>\n\n\n\n<div class=\"wp-block-group has-global-padding is-layout-constrained wp-block-group-is-layout-constrained\" style=\"padding-top:var(--wp--preset--spacing--50);padding-bottom:var(--wp--preset--spacing--50)\">\n<div class=\"wp-block-columns is-layout-flex wp-container-core-columns-is-layout-7 wp-block-columns-is-layout-flex\">\n<div class=\"wp-block-column is-layout-flow wp-block-column-is-layout-flow\" style=\"padding-right:0;padding-left:0\">\n<figure class=\"wp-block-image size-full\"><img loading=\"lazy\" decoding=\"async\" width=\"1499\" height=\"999\" src=\"https:\/\/blaakors.no\/varmestua\/wp-content\/uploads\/sites\/3\/2024\/10\/Varmestua_websize-74.jpg\" alt=\"\" class=\"wp-image-824\" srcset=\"https:\/\/blaakors.no\/varmestua\/wp-content\/uploads\/sites\/3\/2024\/10\/Varmestua_websize-74.jpg 1499w, https:\/\/blaakors.no\/varmestua\/wp-content\/uploads\/sites\/3\/2024\/10\/Varmestua_websize-74-300x200.jpg 300w, https:\/\/blaakors.no\/varmestua\/wp-content\/uploads\/sites\/3\/2024\/10\/Varmestua_websize-74-1024x682.jpg 1024w, https:\/\/blaakors.no\/varmestua\/wp-content\/uploads\/sites\/3\/2024\/10\/Varmestua_websize-74-768x512.jpg 768w\" sizes=\"auto, (max-width: 1499px) 100vw, 1499px\" \/><\/figure>\n<\/div>\n\n\n\n<div class=\"wp-block-column is-layout-flow wp-block-column-is-layout-flow\" style=\"flex-basis:20px\"><\/div>\n\n\n\n<div class=\"wp-block-column is-layout-flow wp-block-column-is-layout-flow\">\n<h2 class=\"wp-block-heading\">&laquo;Dere er en oase i \u00f8rkenen&raquo;<\/h2>\n\n\n\n<p>Varmestua er et viktig v\u00e6rested og en livb\u00f8ye for mange mennesker.<\/p>\n\n\n\n<p>Uten tilskuddsmidler og pengegaver kan vi ikke drifte tilbudet. Vil du v\u00e6re med \u00e5 bidra til at gjestene p\u00e5 Varmestua f\u00e5r en mer innholdsrik hverdag.<\/p>\n\n\n\n<p>VIPPS: #83994<\/p>\n\n\n\n<p>KONTO: 3126.31.12868<\/p>\n\n\n\n<p>Merk gjerne med \u201cGave til Varmestua\u201d.<\/p>\n\n\n\n<p><strong>Tusen takk for ditt bidrag!<\/strong><\/p>\n<\/div>\n<\/div>\n<\/div>\n\n\n\n<div style=\"height:50px\" aria-hidden=\"true\" class=\"wp-block-spacer\"><\/div>\n","protected":false},"excerpt":{"rendered":"<p>Bl\u00e5 Kors Varmestua er et gaten\u00e6rt lavterskeltilbud for rusavhengige i Fredrikstad Vi har tre tjenesteomr\u00e5der:&nbsp;Mat og omsorg,&nbsp;aktiviteter og milj\u00f8tjenesten V\u00e5re \u00e5pningstider Mandag, onsdag, torsdag og fredag kl 09.30 &#8211; 14.00 Tirsdag kl 09.30 &#8211; 17.00 D\u00f8rene til caf\u00e9en stenger et kvarter f\u00f8r stenging. Jorid D. Bertelsen &#8211; Virksomhetsleder +47 97 12 56 61jorid.bertelsen@blaakors.no Elsa Hagstr\u00f8m [&hellip;]<\/p>\n","protected":false},"author":1,"featured_media":743,"parent":0,"menu_order":0,"comment_status":"closed","ping_status":"closed","template":"","meta":{"inline_featured_image":false,"_exactmetrics_skip_tracking":false,"_exactmetrics_sitenote_active":false,"_exactmetrics_sitenote_note":"","_exactmetrics_sitenote_category":0,"footnotes":""},"class_list":["post-5","page","type-page","status-publish","has-post-thumbnail","hentry"],"yoast_head":"<!-- This site is optimized with the Yoast SEO plugin v26.6 - https:\/\/yoast.com\/wordpress\/plugins\/seo\/ -->\n<title>Varmestua - I sentrum st\u00e5r et menneske<\/title>\n<meta name=\"robots\" content=\"index, follow, max-snippet:-1, max-image-preview:large, max-video-preview:-1\" \/>\n<link rel=\"canonical\" href=\"https:\/\/blaakors.no\/varmestua\/\" \/>\n<meta property=\"og:locale\" content=\"nb_NO\" \/>\n<meta property=\"og:type\" content=\"article\" \/>\n<meta property=\"og:title\" content=\"Varmestua - I sentrum st\u00e5r et menneske\" \/>\n<meta property=\"og:description\" content=\"Bl\u00e5 Kors Varmestua er et gaten\u00e6rt lavterskeltilbud for rusavhengige i Fredrikstad Vi har tre tjenesteomr\u00e5der:&nbsp;Mat og omsorg,&nbsp;aktiviteter og milj\u00f8tjenesten V\u00e5re \u00e5pningstider Mandag, onsdag, torsdag og fredag kl 09.30 &#8211; 14.00 Tirsdag kl 09.30 &#8211; 17.00 D\u00f8rene til caf\u00e9en stenger et kvarter f\u00f8r stenging. Jorid D. Bertelsen &#8211; Virksomhetsleder +47 97 12 56 61jorid.bertelsen@blaakors.no Elsa Hagstr\u00f8m [&hellip;]\" \/>\n<meta property=\"og:url\" content=\"https:\/\/blaakors.no\/varmestua\/\" \/>\n<meta property=\"og:site_name\" content=\"Varmestua\" \/>\n<meta property=\"article:modified_time\" content=\"2026-02-18T07:42:58+00:00\" \/>\n<meta property=\"og:image\" content=\"https:\/\/blaakors.no\/varmestua\/wp-content\/uploads\/sites\/3\/2024\/09\/Varmestua-scaled.jpg\" \/>\n\t<meta property=\"og:image:width\" content=\"2560\" \/>\n\t<meta property=\"og:image:height\" content=\"1696\" \/>\n\t<meta property=\"og:image:type\" content=\"image\/jpeg\" \/>\n<meta name=\"twitter:card\" content=\"summary_large_image\" \/>\n<meta name=\"twitter:label1\" content=\"Ansl. lesetid\" \/>\n\t<meta name=\"twitter:data1\" content=\"3 minutter\" \/>\n<script type=\"application\/ld+json\" class=\"yoast-schema-graph\">{\"@context\":\"https:\/\/schema.org\",\"@graph\":[{\"@type\":\"WebPage\",\"@id\":\"https:\/\/blaakors.no\/varmestua\/\",\"url\":\"https:\/\/blaakors.no\/varmestua\/\",\"name\":\"Varmestua - I sentrum st\u00e5r et menneske\",\"isPartOf\":{\"@id\":\"https:\/\/blaakors.no\/varmestua\/#website\"},\"primaryImageOfPage\":{\"@id\":\"https:\/\/blaakors.no\/varmestua\/#primaryimage\"},\"image\":{\"@id\":\"https:\/\/blaakors.no\/varmestua\/#primaryimage\"},\"thumbnailUrl\":\"https:\/\/blaakors.no\/varmestua\/wp-content\/uploads\/sites\/3\/2024\/09\/Varmestua-scaled.jpg\",\"datePublished\":\"2024-08-20T12:17:18+00:00\",\"dateModified\":\"2026-02-18T07:42:58+00:00\",\"breadcrumb\":{\"@id\":\"https:\/\/blaakors.no\/varmestua\/#breadcrumb\"},\"inLanguage\":\"nb-NO\",\"potentialAction\":[{\"@type\":\"ReadAction\",\"target\":[\"https:\/\/blaakors.no\/varmestua\/\"]}]},{\"@type\":\"ImageObject\",\"inLanguage\":\"nb-NO\",\"@id\":\"https:\/\/blaakors.no\/varmestua\/#primaryimage\",\"url\":\"https:\/\/blaakors.no\/varmestua\/wp-content\/uploads\/sites\/3\/2024\/09\/Varmestua-scaled.jpg\",\"contentUrl\":\"https:\/\/blaakors.no\/varmestua\/wp-content\/uploads\/sites\/3\/2024\/09\/Varmestua-scaled.jpg\",\"width\":2560,\"height\":1696},{\"@type\":\"BreadcrumbList\",\"@id\":\"https:\/\/blaakors.no\/varmestua\/#breadcrumb\",\"itemListElement\":[{\"@type\":\"ListItem\",\"position\":1,\"name\":\"Hjem\",\"item\":\"https:\/\/blaakors.no\/varmestua\/\"},{\"@type\":\"ListItem\",\"position\":2,\"name\":\"Forside\"}]},{\"@type\":\"WebSite\",\"@id\":\"https:\/\/blaakors.no\/varmestua\/#website\",\"url\":\"https:\/\/blaakors.no\/varmestua\/\",\"name\":\"Varmestua\",\"description\":\"I sentrum st\u00e5r et menneske\",\"publisher\":{\"@id\":\"https:\/\/blaakors.no\/varmestua\/#organization\"},\"potentialAction\":[{\"@type\":\"SearchAction\",\"target\":{\"@type\":\"EntryPoint\",\"urlTemplate\":\"https:\/\/blaakors.no\/varmestua\/?s={search_term_string}\"},\"query-input\":{\"@type\":\"PropertyValueSpecification\",\"valueRequired\":true,\"valueName\":\"search_term_string\"}}],\"inLanguage\":\"nb-NO\"},{\"@type\":\"Organization\",\"@id\":\"https:\/\/blaakors.no\/varmestua\/#organization\",\"name\":\"Varmestua\",\"url\":\"https:\/\/blaakors.no\/varmestua\/\",\"logo\":{\"@type\":\"ImageObject\",\"inLanguage\":\"nb-NO\",\"@id\":\"https:\/\/blaakors.no\/varmestua\/#\/schema\/logo\/image\/\",\"url\":\"https:\/\/blaakors.no\/varmestua\/wp-content\/uploads\/sites\/3\/2024\/09\/Bla-kors-logo-fredrikstad.svg\",\"contentUrl\":\"https:\/\/blaakors.no\/varmestua\/wp-content\/uploads\/sites\/3\/2024\/09\/Bla-kors-logo-fredrikstad.svg\",\"caption\":\"Varmestua\"},\"image\":{\"@id\":\"https:\/\/blaakors.no\/varmestua\/#\/schema\/logo\/image\/\"}}]}<\/script>\n<!-- \/ Yoast SEO plugin. -->","yoast_head_json":{"title":"Varmestua - I sentrum st\u00e5r et menneske","robots":{"index":"index","follow":"follow","max-snippet":"max-snippet:-1","max-image-preview":"max-image-preview:large","max-video-preview":"max-video-preview:-1"},"canonical":"https:\/\/blaakors.no\/varmestua\/","og_locale":"nb_NO","og_type":"article","og_title":"Varmestua - I sentrum st\u00e5r et menneske","og_description":"Bl\u00e5 Kors Varmestua er et gaten\u00e6rt lavterskeltilbud for rusavhengige i Fredrikstad Vi har tre tjenesteomr\u00e5der:&nbsp;Mat og omsorg,&nbsp;aktiviteter og milj\u00f8tjenesten V\u00e5re \u00e5pningstider Mandag, onsdag, torsdag og fredag kl 09.30 &#8211; 14.00 Tirsdag kl 09.30 &#8211; 17.00 D\u00f8rene til caf\u00e9en stenger et kvarter f\u00f8r stenging. Jorid D. Bertelsen &#8211; Virksomhetsleder +47 97 12 56 61jorid.bertelsen@blaakors.no Elsa Hagstr\u00f8m [&hellip;]","og_url":"https:\/\/blaakors.no\/varmestua\/","og_site_name":"Varmestua","article_modified_time":"2026-02-18T07:42:58+00:00","og_image":[{"width":2560,"height":1696,"url":"https:\/\/blaakors.no\/varmestua\/wp-content\/uploads\/sites\/3\/2024\/09\/Varmestua-scaled.jpg","type":"image\/jpeg"}],"twitter_card":"summary_large_image","twitter_misc":{"Ansl. lesetid":"3 minutter"},"schema":{"@context":"https:\/\/schema.org","@graph":[{"@type":"WebPage","@id":"https:\/\/blaakors.no\/varmestua\/","url":"https:\/\/blaakors.no\/varmestua\/","name":"Varmestua - I sentrum st\u00e5r et menneske","isPartOf":{"@id":"https:\/\/blaakors.no\/varmestua\/#website"},"primaryImageOfPage":{"@id":"https:\/\/blaakors.no\/varmestua\/#primaryimage"},"image":{"@id":"https:\/\/blaakors.no\/varmestua\/#primaryimage"},"thumbnailUrl":"https:\/\/blaakors.no\/varmestua\/wp-content\/uploads\/sites\/3\/2024\/09\/Varmestua-scaled.jpg","datePublished":"2024-08-20T12:17:18+00:00","dateModified":"2026-02-18T07:42:58+00:00","breadcrumb":{"@id":"https:\/\/blaakors.no\/varmestua\/#breadcrumb"},"inLanguage":"nb-NO","potentialAction":[{"@type":"ReadAction","target":["https:\/\/blaakors.no\/varmestua\/"]}]},{"@type":"ImageObject","inLanguage":"nb-NO","@id":"https:\/\/blaakors.no\/varmestua\/#primaryimage","url":"https:\/\/blaakors.no\/varmestua\/wp-content\/uploads\/sites\/3\/2024\/09\/Varmestua-scaled.jpg","contentUrl":"https:\/\/blaakors.no\/varmestua\/wp-content\/uploads\/sites\/3\/2024\/09\/Varmestua-scaled.jpg","width":2560,"height":1696},{"@type":"BreadcrumbList","@id":"https:\/\/blaakors.no\/varmestua\/#breadcrumb","itemListElement":[{"@type":"ListItem","position":1,"name":"Hjem","item":"https:\/\/blaakors.no\/varmestua\/"},{"@type":"ListItem","position":2,"name":"Forside"}]},{"@type":"WebSite","@id":"https:\/\/blaakors.no\/varmestua\/#website","url":"https:\/\/blaakors.no\/varmestua\/","name":"Varmestua","description":"I sentrum st\u00e5r et menneske","publisher":{"@id":"https:\/\/blaakors.no\/varmestua\/#organization"},"potentialAction":[{"@type":"SearchAction","target":{"@type":"EntryPoint","urlTemplate":"https:\/\/blaakors.no\/varmestua\/?s={search_term_string}"},"query-input":{"@type":"PropertyValueSpecification","valueRequired":true,"valueName":"search_term_string"}}],"inLanguage":"nb-NO"},{"@type":"Organization","@id":"https:\/\/blaakors.no\/varmestua\/#organization","name":"Varmestua","url":"https:\/\/blaakors.no\/varmestua\/","logo":{"@type":"ImageObject","inLanguage":"nb-NO","@id":"https:\/\/blaakors.no\/varmestua\/#\/schema\/logo\/image\/","url":"https:\/\/blaakors.no\/varmestua\/wp-content\/uploads\/sites\/3\/2024\/09\/Bla-kors-logo-fredrikstad.svg","contentUrl":"https:\/\/blaakors.no\/varmestua\/wp-content\/uploads\/sites\/3\/2024\/09\/Bla-kors-logo-fredrikstad.svg","caption":"Varmestua"},"image":{"@id":"https:\/\/blaakors.no\/varmestua\/#\/schema\/logo\/image\/"}}]}},"_links":{"self":[{"href":"https:\/\/blaakors.no\/varmestua\/wp-json\/wp\/v2\/pages\/5","targetHints":{"allow":["GET"]}}],"collection":[{"href":"https:\/\/blaakors.no\/varmestua\/wp-json\/wp\/v2\/pages"}],"about":[{"href":"https:\/\/blaakors.no\/varmestua\/wp-json\/wp\/v2\/types\/page"}],"author":[{"embeddable":true,"href":"https:\/\/blaakors.no\/varmestua\/wp-json\/wp\/v2\/users\/1"}],"replies":[{"embeddable":true,"href":"https:\/\/blaakors.no\/varmestua\/wp-json\/wp\/v2\/comments?post=5"}],"version-history":[{"count":73,"href":"https:\/\/blaakors.no\/varmestua\/wp-json\/wp\/v2\/pages\/5\/revisions"}],"predecessor-version":[{"id":923,"href":"https:\/\/blaakors.no\/varmestua\/wp-json\/wp\/v2\/pages\/5\/revisions\/923"}],"wp:featuredmedia":[{"embeddable":true,"href":"https:\/\/blaakors.no\/varmestua\/wp-json\/wp\/v2\/media\/743"}],"wp:attachment":[{"href":"https:\/\/blaakors.no\/varmestua\/wp-json\/wp\/v2\/media?parent=5"}],"curies":[{"name":"wp","href":"https:\/\/api.w.org\/{rel}","templated":true}]}}